.
22
Let n be 81/((-1 - -3)/2). Let k(c) = -c**2 + 3*c. Let p be k(3). Suppose 3*q = -4*o + 117, 4*q + 42 = 2*o - p*o. What is the greatest common factor of o and n?
27
Let l be 1*4/6*6. Suppose l*b - 134 = -2*r, -b = 6*r - 3*r - 201. Let x = -44 + r. Calculate the greatest common divisor of 115 and x.
23
Let f(m) = -m**2 - 13*m + 25. Let o be f(-14). Suppose -4*i - i + 6575 = 0. Let k be (-1)/(-3) - i/(-15). What is the highest common factor of o and k?
11
Suppose 34 = 3*l + 13. Let s = l - 72. Let n = s - -110. What is the greatest common divisor of n and 15?
15
Let d = -77 + 110. Suppose 8*r - d = -9. Suppose 1422 = 5*p - 4*n, r*p - 290 = 2*p - 2*n. What is the greatest common divisor of 26 and p?
26
Suppose 72 = -2*m + 72. Suppose 8*s - 10*s + 36 = m. Let r = 99 + 63. What is the highest common divisor of r and s?
18
Let c(n) = 62*n + 438. Let z be c(-7). Let m = -382 - -886. Suppose z*w = -0*w + m. What is the highest common divisor of 18 and w?
18
Let t = 540 + -309. Let c(d) = -d**3 - 45*d**2 - 2*d - 57. Let p be c(-45). What is the greatest common factor of t and p?
33
Suppose 2*h - 215 = -39. Let a(p) = p**3 + 16*p**2 + 8. Suppose -13*b - 32 = -11*b. Let s be a(b). What is the greatest common divisor of h and s?
8
Let u(h) = 17*h - 95. Let s be u(6). Suppose -62 = -s*n + 379. What is the highest common factor of n and 21?
21
Let x(j) = 13*j - 92. Let p be x(-4). Let z be 1/5 - p/180. What is the highest common factor of z and 7?
1
Let t be (9 - 0)*(-56)/(-8). Suppose 462 = 17*q - 1323. What is the highest common divisor of t and q?
21
Suppose -2*l + 2*g + 535 = 3*g, -2*g = 10. Let j = 54 + 0. What is the highest common factor of j and l?
54
Let o = -471 + 294. Let l = o + 207. What is the highest common divisor of 66 and l?
6
Suppose 53 = d + 4*u, -3*d + 16 = -u - 156. Let s be -5 + (-34)/(0 - -1). Let k = -1 - s. What is the greatest common factor of d and k?
19
Let b = 11829 - 11763. What is the greatest common divisor of b and 946?
22
Suppose -20 = 139*s - 134*s. Let d(v) = -v**2 - 7*v - 12. Let w be d(s). Suppose -3*r + 73 + 17 = w. What is the highest common factor of r and 45?
15
Let w(m) = m**3 - 3*m**2 + 8*m + 3. Let f be w(0). Suppose -4*z - 550 = 3*i - 1750, f*z + 5*i = 900. What is the greatest common divisor of z and 12?
12
Suppose 0 = -2*q + 34 - 30. Suppose v - 465 = -q*v. Suppose v = -2*b + 599. What is the greatest common factor of b and 37?
37
Let s be (589/3 - -1)*24/448*28. What is the greatest common divisor of 1184 and s?
296
Let d = 213 + -352. Let o = -94 - d. Calculate the highest common divisor of 60 and o.
15
Suppose 8*n + 11 + 5 = 0. Let o be n - 60/(0 - 6). What is the highest common divisor of 12 and o?
4
Let q be -4 - -8 - (-4850)/10. Let g = q + -441. Calculate the greatest common factor of g and 60.
12
Let m = 658 - 637. Suppose 1784 = m*n - 1597. Suppose -w + 7 + 16 = 0. What is the greatest common factor of w and n?
23
Let h(u) = 11*u**3 - 6*u**2 + 10*u - 3. Let g be h(1). Let q = -254 - -286. What is the highest common divisor of q and g?
4
Let m(t) = -13*t + 116. Let j be m(9). Let z be j/((-6)/4 - (-49)/34). Calculate the highest common divisor of 51 and z.
17
Suppose 0 = 8*u + 58 + 22. Let y(t) = -t**3 - 10*t**2 - t + 10. Let a be y(u). What is the highest common divisor of a and 70?
10
Let t(v) = v**3 + v**2 + 7*v + 11. Let f be t(7). Let x = -364 + f. What is the greatest common factor of 77 and x?
11
Let t(x) = -2*x**3 + 27*x**2 - 38*x - 27. Let i be t(11). What is the greatest common factor of i and 620?
20
Suppose -4*m = -3*b + 542, 0 = -2*m - 3*m + 20. What is the greatest common factor of 4402 and b?
62
Suppose -3*m + 417 = -5*b, -9*b + 114 = -m + 297. What is the greatest common factor of 258 and m?
129
Let u = -403 - -763. Suppose 17*m + 3*m = u. Calculate the highest common divisor of m and 14.
2
Let l = -29 + 44. Let m = -86 + 82. Let u be m*3*(-1755)/156. Calculate the highest common divisor of u and l.
15
Suppose -42*o + 37754 = -33394. Let x be (28/6)/(1/3). What is the greatest common factor of o and x?
14
Let u(r) = 186*r**2 - 82*r - 1. Let o be u(2). What is the highest common factor of o and 5597?
193
Let y be 29 - (-6 - 18)/(-4). Let l(r) = -3*r**3 + 23*r**2 - r + 1. Let p be l(7). Calculate the highest common divisor of y and p.
23
Let h(p) = 2*p**3 + 23*p**2 + 13*p + 25. Let l be h(-11). Suppose l*d - 2*i + 3*i = 854, -2*i - 1438 = -5*d. Calculate the greatest common factor of 22 and d.
22
Suppose -13 = 10*r - 1363. Let m be ((-12)/6)/(((-5)/428)/5). Suppose -11*s + m = 262. What is the highest common factor of r and s?
27
Let o(i) = i + 24. Let s be o(0). Suppose 0 = -656*v + 701*v - 3240. Calculate the greatest common factor of s and v.
24
Suppose p = -4*u - 1, 4*u - 53 = 3*p + 2*p. Let b be (8/(-2) - p)*(-18)/(-15). Calculate the highest common factor of b and 2.
2
Let k = -43 - -45. Suppose 0*n - 2*a - 6 = k*n, -a - 7 = -n. Let j be n/(-4) + (-25)/(-10). Calculate the greatest common divisor of j and 3.
1
Let z be ((-2)/3)/(10 + (-59)/6). Let u be z - (-190)/4*48/30. Calculate the greatest common divisor of u and 60.
12
Let z = -194 - -334. Let y = 134 - 83. Suppose -439 = -14*l + y. Calculate the greatest common divisor of l and z.
35
Let w be (11160/(-70))/((-6)/21). Calculate the greatest common divisor of 1798 and w.
62
Suppose 1504 + 1420 = 157*u - 89*u. Calculate the highest common factor of u and 4601.
43
Let v = 3547 - 3172. What is the highest common factor of 75 and v?
75
Let s(w) = -4*w + 9. Let l be s(-19). Suppose -8*r + l = -203. Suppose 5*j - 2*v = 26 + 9, 4*j - 5*v - 11 = 0. What is the highest common factor of r and j?
9
Suppose 5*j + 6 = 6*j + 2*m, 2*m = -6. Suppose -2*d + 0*d = -408. Calculate the highest common factor of j and d.
12
Let s be 11/(198/4)*495. Calculate the greatest common factor of 2915 and s.
55
Let g(y) = 58*y + 67. Let d be g(1). Suppose 2*z - d = 5*i + 174, -4*z = 5*i - 613. What is the greatest common factor of 16 and z?
8
Let b(n) = -14*n + 136. Let l be b(-10). Let d = 493 - l. Calculate the highest common factor of d and 62.
31
Let s = -46920 - -66506. Calculate the greatest common factor of s and 14.
14
Suppose -2*d + 16 = 2*d. Suppose 3*k - 77 = d. Let i be 1 - k/21 - 760/(-14). What is the greatest common factor of 6 and i?
6
Suppose 1263 = 2*m + 5*q, 4*q + 464 = m - 200. What is the greatest common divisor of 1 and m?
1
Let d = 240 - 232. Let l be (-9)/((d/(-5))/8). Let o(m) = 2*m + 11. Let x be o(8). Calculate the highest common factor of x and l.
9
Suppose -t - 7 = 0, 0 = 57*g - 53*g + t - 177. Let v = -82 - -266. What is the greatest common factor of g and v?
46
Suppose -59*g = 3*g - 7*g - 396330. What is the greatest common divisor of g and 12?
6
Suppose -4*d - y = -39, -2*y + 54 = 5*d + y. Suppose -453 = -d*g - 84. What is the highest common divisor of 451 and g?
41
Suppose 56 = 5*m + 5*n - 164, 5*m - 212 = -3*n. Let b be (m/32)/(1/80). What is the highest common factor of b and 60?
20
Let a(b) = -b**3 + 25*b**2 + 31*b + 34. Let s be a(26). Suppose 4*c - 668 = -4*v, 325 = 3*v - c - s. What is the greatest common factor of 246 and v?
82
Suppose 3*p + 0*j - 45 = -5*j, 60 = 4*p - 2*j. Suppose -2*m = z - 158, -z + 139 + 31 = -m. Let b = z - 160. Calculate the highest common divisor of p and b.
3
Suppose 7*k - 5*k = 4*m + 640, 6*m - 24 = 0. Suppose -k - 152 = -16*p. What is the highest common divisor of 24 and p?
6
Let q be (-12)/42*-7 + 1. Suppose -q*p + 2*r = -8*p + 288, -5*p = -3*r - 268. What is the greatest common divisor of 98 and p?
14
Let s = -23 + 32. Let r(l) = 41*l + 15. Let w be r(s). Suppose q - w = -7*q. What is the greatest common divisor of q and 120?
24
Suppose 0 = 12*z + 18 + 6. Let b be (-15)/(-10) + z + 3/(-2). Let a be (b - 2)*(-77)/28. What is the highest common divisor of a and 33?
11
Suppose -m = -j + 505, -9*j + 485 = -8*j + 3*m. What is the highest common factor of j and 12?
4
Suppose 27*b = 29*b - 6. Suppose -16 = w + b. Let p be 215/6 + w/(-114). Calculate the greatest common factor of 396 and p.
36
Let m(c) = 28*c - 12. Let s be m(3). Let o = -79 - -37. Let b = o + 60. Calculate the highest common divisor of s and b.
18
Let w(f) = 82*f**2 - 55*f - 110. Let v be w(-2). Calculate the greatest co